{"id":17983,"date":"2025-03-10T21:38:58","date_gmt":"2025-03-10T21:38:58","guid":{"rendered":"https:\/\/equipardentalcr.com\/main\/?post_type=product&#038;p=17983"},"modified":"2025-03-12T05:19:15","modified_gmt":"2025-03-12T05:19:15","slug":"compresor-65l","status":"publish","type":"product","link":"https:\/\/equipardentalcr.com\/main\/product\/compresor-65l\/","title":{"rendered":"Compresor 65L"},"content":{"rendered":"<p>Compactos y s\u00faper silenciosos, los compresores Dabi Atlante presentan un dise\u00f1o moderno, mantienen un ambiente profesional y aseguran la tranquilidad del paciente mientras realiza los procedimientos.<\/p>\n<p>Dise\u00f1ado para proporcionar aire comprimido para uso cl\u00ednico y de laboratorio, tiene un rendimiento estable, alta capacidad de flujo, bajo consumo de energ\u00eda y est\u00e1 libre de aceite o la emisi\u00f3n de humos, vapores u olores desagradables.<\/p>\n<p>Presenta caracter\u00edsticas que facilitan la operaci\u00f3n y el mantenimiento de equipos como:<\/p>\n<p>&nbsp; &nbsp; &nbsp;Man\u00f3metro para la presi\u00f3n del dep\u00f3sito;<\/p>\n<p>&nbsp; &nbsp; &nbsp;Man\u00f3metro para presi\u00f3n de salida;<\/p>\n<p>&nbsp; &nbsp; &nbsp;Regulador de presi\u00f3n de salida con filtro de aire y drenaje de agua;<\/p>\n<p>&nbsp; &nbsp; &nbsp;Registro de control de flujo;<\/p>\n<p>&nbsp; &nbsp; &nbsp;Registro de drenaje de acumulaci\u00f3n de agua en el embalse.<\/p>\n<p><br data-cke-filler=\"true\"><\/p>\n<p>Sistema de seguridad de la v\u00e1lvula que funciona para liberar presi\u00f3n en caso de falla del interruptor de presi\u00f3n y protector de sobrecarga para proteger el equipo contra el sobrecalentamiento.<\/p>\n<p>Modelos con dep\u00f3sitos con pintura electrost\u00e1tica interna y externa que garantizan una mayor vida \u00fatil del compresor.<\/p>\n","protected":false},"excerpt":{"rendered":"<p>Compactos y s\u00faper silenciosos, los compresores Dabi Atlante presentan un dise\u00f1o moderno, mantienen un ambiente profesional y aseguran la tranquilidad del paciente mientras realiza los procedimientos.<\/p>\n","protected":false},"featured_media":18001,"template":"","meta":{"_acf_changed":false,"om_disable_all_campaigns":false,"_monsterinsights_skip_tracking":false,"_monsterinsights_sitenote_active":false,"_monsterinsights_sitenote_note":"","_monsterinsights_sitenote_category":0},"product_brand":[841],"product_cat":[755,754,753],"product_tag":[756,760,757,758,759,761],"class_list":{"0":"post-17983","1":"product","2":"type-product","3":"status-publish","4":"has-post-thumbnail","6":"product_brand-dabiatlante","7":"product_cat-65l","8":"product_cat-compresores","9":"product_cat-perifericos-dentales","10":"product_tag-autoclave","11":"product_tag-cirugia","12":"product_tag-esterilizacion","13":"product_tag-odontologia","14":"product_tag-ortodoncia","15":"product_tag-salud","17":"first","18":"instock","19":"featured","20":"shipping-taxable","21":"product-type-simple"},"acf":[],"aioseo_notices":[],"_links":{"self":[{"href":"https:\/\/equipardentalcr.com\/main\/wp-json\/wp\/v2\/product\/17983","targetHints":{"allow":["GET"]}}],"collection":[{"href":"https:\/\/equipardentalcr.com\/main\/wp-json\/wp\/v2\/product"}],"about":[{"href":"https:\/\/equipardentalcr.com\/main\/wp-json\/wp\/v2\/types\/product"}],"wp:featuredmedia":[{"embeddable":true,"href":"https:\/\/equipardentalcr.com\/main\/wp-json\/wp\/v2\/media\/18001"}],"wp:attachment":[{"href":"https:\/\/equipardentalcr.com\/main\/wp-json\/wp\/v2\/media?parent=17983"}],"wp:term":[{"taxonomy":"product_brand","embeddable":true,"href":"https:\/\/equipardentalcr.com\/main\/wp-json\/wp\/v2\/product_brand?post=17983"},{"taxonomy":"product_cat","embeddable":true,"href":"https:\/\/equipardentalcr.com\/main\/wp-json\/wp\/v2\/product_cat?post=17983"},{"taxonomy":"product_tag","embeddable":true,"href":"https:\/\/equipardentalcr.com\/main\/wp-json\/wp\/v2\/product_tag?post=17983"}],"curies":[{"name":"wp","href":"https:\/\/api.w.org\/{rel}","templated":true}]}}